{"id":387,"date":"2025-10-29T22:19:28","date_gmt":"2025-10-29T22:19:28","guid":{"rendered":"https:\/\/www.rozcaptz.com\/?page_id=387"},"modified":"2025-10-30T01:10:18","modified_gmt":"2025-10-30T01:10:18","slug":"entretenimiento","status":"publish","type":"page","link":"https:\/\/www.rozcaptz.com\/?page_id=387","title":{"rendered":"Entretenimiento"},"content":{"rendered":"\n<p>El entretenimiento es energ\u00eda, movimiento y emoci\u00f3n pura. En esta secci\u00f3n capturo la esencia de los eventos: las luces que bailan con la m\u00fasica, las sonrisas que se encienden en la fiesta y la conexi\u00f3n \u00fanica entre el p\u00fablico y el artista. Desde DJs que transforman la noche hasta celebraciones llenas de vida, mi objetivo es congelar esos instantes donde todo se vuelve inolvidable.<\/p>\n\n\n\n<p>Cada fotograf\u00eda cuenta una historia de ritmo, diversi\u00f3n y libertad. Aqu\u00ed podr\u00e1s sentir el ambiente, revivir la experiencia y ser parte de cada momento.<\/p>\n\n\n\n<p><\/p>\n\n\n\n<div class=\"wp-block-uagb-separator uagb-block-bb709164\"><div class=\"wp-block-uagb-separator__inner\" style=\"--my-background-image:\"><\/div><\/div>\n\n\n\n<div class=\"wp-block-uagb-container uagb-block-223052eb alignfull uagb-is-root-container\">\n<div class=\"wp-block-uagb-container uagb-block-d7cd79a2\">\n<div class=\"wp-block-uagb-advanced-heading uagb-block-d83405d8\"><h2 class=\"uagb-heading-text\">SOHO 1 <\/h2><\/div>\n<\/div>\n\n\n\n<div class=\"wp-block-uagb-buttons uagb-buttons__outer-wrap uagb-btn__default-btn uagb-btn-tablet__default-btn uagb-btn-mobile__default-btn uagb-block-9130faf9\"><div class=\"uagb-buttons__wrap uagb-buttons-layout-wrap \">\n<div class=\"wp-block-uagb-buttons-child uagb-buttons__outer-wrap uagb-block-0e1ef07f wp-block-button\"><div class=\"uagb-button__wrapper\"><a class=\"uagb-buttons-repeater wp-block-button__link\" aria-label=\"\" href=\"#https:\/\/www.rozcaptz.com\/?page_id=354\" rel=\"follow noopener\" target=\"_self\" role=\"button\"><div class=\"uagb-button__link\">Ir a galer\u00eda<\/div><\/a><\/div><\/div>\n<\/div><\/div>\n<\/div>\n\n\n\n<p><\/p>\n\n\n\n<p><\/p>\n\n\n\n<div class=\"wp-block-uagb-separator uagb-block-75420484\"><div class=\"wp-block-uagb-separator__inner\" style=\"--my-background-image:\"><\/div><\/div>\n\n\n\n<div class=\"wp-block-uagb-container uagb-block-851c301b alignfull uagb-is-root-container\">\n<div class=\"wp-block-uagb-container uagb-block-d1487adf\">\n<div class=\"wp-block-uagb-advanced-heading uagb-block-8a212c6c\"><h2 class=\"uagb-heading-text\">DJ ARCE <\/h2><\/div>\n<\/div>\n\n\n\n<div class=\"wp-block-uagb-buttons uagb-buttons__outer-wrap uagb-btn__default-btn uagb-btn-tablet__default-btn uagb-btn-mobile__default-btn uagb-block-4eae68aa\"><div class=\"uagb-buttons__wrap uagb-buttons-layout-wrap \">\n<div class=\"wp-block-uagb-buttons-child uagb-buttons__outer-wrap uagb-block-e3739dcc wp-block-button\"><div class=\"uagb-button__wrapper\"><a class=\"uagb-buttons-repeater wp-block-button__link\" aria-label=\"\" href=\"#https:\/\/www.rozcaptz.com\/?page_id=354\" rel=\"follow noopener\" target=\"_self\" role=\"button\"><div class=\"uagb-button__link\">Ir a galer\u00eda<\/div><\/a><\/div><\/div>\n<\/div><\/div>\n<\/div>\n\n\n\n<p><\/p>\n\n\n\n<p><\/p>\n\n\n\n<div class=\"wp-block-uagb-separator uagb-block-f26b3297\"><div class=\"wp-block-uagb-separator__inner\" style=\"--my-background-image:\"><\/div><\/div>\n\n\n\n<div class=\"wp-block-uagb-container uagb-block-9ee75cb3 alignfull uagb-is-root-container\">\n<div class=\"wp-block-uagb-container uagb-block-bfc9ed99\">\n<div class=\"wp-block-uagb-advanced-heading uagb-block-95ee2c3a\"><h2 class=\"uagb-heading-text\">OUT OF CONTROL<\/h2><\/div>\n<\/div>\n\n\n\n<div class=\"wp-block-uagb-buttons uagb-buttons__outer-wrap uagb-btn__default-btn uagb-btn-tablet__default-btn uagb-btn-mobile__default-btn uagb-block-7e38811e\"><div class=\"uagb-buttons__wrap uagb-buttons-layout-wrap \">\n<div class=\"wp-block-uagb-buttons-child uagb-buttons__outer-wrap uagb-block-5e75b6f9 wp-block-button\"><div class=\"uagb-button__wrapper\"><a class=\"uagb-buttons-repeater wp-block-button__link\" aria-label=\"\" href=\"#https:\/\/www.rozcaptz.com\/?page_id=354\" rel=\"follow noopener\" target=\"_self\" role=\"button\"><div class=\"uagb-button__link\">Ir a galer\u00eda<\/div><\/a><\/div><\/div>\n<\/div><\/div>\n<\/div>\n\n\n\n<p><\/p>\n\n\n\n<p><\/p>\n\n\n\n<div class=\"wp-block-uagb-separator uagb-block-a50ff969\"><div class=\"wp-block-uagb-separator__inner\" style=\"--my-background-image:\"><\/div><\/div>\n\n\n\n<div class=\"wp-block-uagb-container uagb-block-c340f8bf alignfull uagb-is-root-container\">\n<div class=\"wp-block-uagb-container uagb-block-cc11771d\">\n<div class=\"wp-block-uagb-advanced-heading uagb-block-665b47ed\"><h2 class=\"uagb-heading-text\">UNDERWORLD<\/h2><\/div>\n<\/div>\n\n\n\n<div class=\"wp-block-uagb-buttons uagb-buttons__outer-wrap uagb-btn__default-btn uagb-btn-tablet__default-btn uagb-btn-mobile__default-btn uagb-block-e8143487\"><div class=\"uagb-buttons__wrap uagb-buttons-layout-wrap \">\n<div class=\"wp-block-uagb-buttons-child uagb-buttons__outer-wrap uagb-block-974023ff wp-block-button\"><div class=\"uagb-button__wrapper\"><a class=\"uagb-buttons-repeater wp-block-button__link\" aria-label=\"\" href=\"#https:\/\/www.rozcaptz.com\/?page_id=354\" rel=\"follow noopener\" target=\"_self\" role=\"button\"><div class=\"uagb-button__link\">Ir a galer\u00eda<\/div><\/a><\/div><\/div>\n<\/div><\/div>\n<\/div>\n\n\n\n<p><\/p>\n","protected":false},"excerpt":{"rendered":"<p>El entretenimiento es energ\u00eda, movimiento y emoci\u00f3n pura. En esta secci\u00f3n capturo la [&hellip;]<\/p>\n","protected":false},"author":2,"featured_media":0,"parent":0,"menu_order":0,"comment_status":"closed","ping_status":"closed","template":"","meta":{"_uag_custom_page_level_css":"","footnotes":""},"class_list":["post-387","page","type-page","status-publish","hentry"],"uagb_featured_image_src":{"full":false,"thumbnail":false,"medium":false,"medium_large":false,"large":false,"1536x1536":false,"2048x2048":false},"uagb_author_info":{"display_name":"Enrique Lopez Rosales","author_link":"https:\/\/www.rozcaptz.com\/?author=2"},"uagb_comment_info":0,"uagb_excerpt":"El entretenimiento es energ\u00eda, movimiento y emoci\u00f3n pura. En esta secci\u00f3n capturo la [&hellip;]","_links":{"self":[{"href":"https:\/\/www.rozcaptz.com\/index.php?rest_route=\/wp\/v2\/pages\/387","targetHints":{"allow":["GET"]}}],"collection":[{"href":"https:\/\/www.rozcaptz.com\/index.php?rest_route=\/wp\/v2\/pages"}],"about":[{"href":"https:\/\/www.rozcaptz.com\/index.php?rest_route=\/wp\/v2\/types\/page"}],"author":[{"embeddable":true,"href":"https:\/\/www.rozcaptz.com\/index.php?rest_route=\/wp\/v2\/users\/2"}],"replies":[{"embeddable":true,"href":"https:\/\/www.rozcaptz.com\/index.php?rest_route=%2Fwp%2Fv2%2Fcomments&post=387"}],"version-history":[{"count":3,"href":"https:\/\/www.rozcaptz.com\/index.php?rest_route=\/wp\/v2\/pages\/387\/revisions"}],"predecessor-version":[{"id":390,"href":"https:\/\/www.rozcaptz.com\/index.php?rest_route=\/wp\/v2\/pages\/387\/revisions\/390"}],"wp:attachment":[{"href":"https:\/\/www.rozcaptz.com\/index.php?rest_route=%2Fwp%2Fv2%2Fmedia&parent=387"}],"curies":[{"name":"wp","href":"https:\/\/api.w.org\/{rel}","templated":true}]}}